 213 is divided by 86?
41
Calculate the remainder when 176 is divided by 60.
56
What is the remainder when 438 is divided by 64?
54
What is the remainder when 191 is divided by 88?
15
Calculate the remainder when 3621 is divided by 31.
25
Calculate the remainder when 739 is divided by 195.
154
What is the remainder when 625 is divided by 23?
4
Calculate the remainder when 74 is divided by 33.
8
What is the remainder when 65 is divided by 29?
7
Calculate the remainder when 815 is divided by 269.
8
What is the remainder when 261 is divided by 55?
41
Calculate the remainder when 89 is divided by 23.
20
Calculate the remainder when 673 is divided by 169.
166
What is the remainder when 719 is divided by 72?
71
What is the remainder when 100 is divided by 18?
10
Calculate the remainder when 986 is divided by 190.
36
Calculate the remainder when 2199 is divided by 71.
69
Calculate the remainder when 233 is divided by 175.
58
Calculate the remainder when 107 is divided by 48.
11
What is the remainder when 1391 is divided by 32?
15
What is the remainder when 759 is divided by 10?
9
Calculate the remainder when 14804 is divided by 315.
314
Calculate the remainder when 183 is divided by 78.
27
What is the remainder when 1666 is divided by 88?
82
Calculate the remainder when 22 is divided by 19.
3
Calculate the remainder when 311 is divided by 12.
11
Calculate the remainder when 2754 is divided by 548.
14
Calculate the remainder when 955 is divided by 40.
35
What is the remainder when 14578 is divided by 20?
18
Calculate the remainder when 445 is divided by 150.
145
Calculate the remainder when 104 is divided by 53.
51
Calculate the remainder when 158 is divided by 32.
30
Calculate the remainder when 1031 is divided by 49.
2
Calculate the remainder when 429 is divided by 36.
33
What is the remainder when 42 is divided by 15?
12
What is the remainder when 79 is divided by 39?
1
What is the remainder when 302 is divided by 51?
47
Calculate the remainder when 654 is divided by 44.
38
Calculate the remainder when 5360 is divided by 14.
12
What is the remainder when 676 is divided by 62?
56
What is the remainder when 483 is divided by 60?
3
Calculate the remainder when 887 is divided by 219.
11
What is the remainder when 5536 is divided by 20?
16
Calculate the remainder when 1962 is divided by 15.
12
What is the remainder when 18596 is divided by 248?
244
Calculate the remainder when 587 is divided by 59.
56
What is the remainder when 145 is divided by 73?
72
What is the remainder when 2681 is divided by 245?
231
Calculate the remainder when 520 is divided by 57.
7
What is the remainder when 116 is divided by 42?
32
What is the remainder when 322 is divided by 111?
100
Calculate the remainder when 1167 is divided by 25.
17
Calculate the remainder when 312 is divided by 29.
22
What is the remainder when 45470 is divided by 23?
22
What is the remainder when 117 is divided by 7?
5
What is the remainder when 288 is divided by 49?
43
Calculate the remainder when 5079 is divided by 23.
19
What is the remainder when 36 is divided by 14?
8
What is the remainder when 324 is divided by 293?
31
Calculate the remainder when 303 is divided by 146.
11
What is the remainder when 78 is divided by 22?
12
Calculate the remainder when 386 is divided by 97.
95
Calculate the remainder when 813 is divided by 5.
3
Calculate the remainder when 198 is divided by 106.
92
Calculate the remainder when 153 is divided by 29.
8
Calculate the remainder when 128 is divided by 49.
30
What is the remainder when 2335 is divided by 20?
15
What is the remainder when 526 is divided by 17?
16
What is the remainder when 160 is divided by 41?
37
Calculate the remainder when 111 is divided by 57.
54
What is the remainder when 140 is divided by 113?
27
Calculate the remainder when 656 is divided by 26.
6
What is the remainder when 830 is divided by 44?
38
What is the remainder when 1761 is divided by 7?
4
What is the remainder when 293 is divided by 49?
48
What is the remainder when 113 is divided by 30?
23
Calculate the remainder when 38 is divided by 27.
11
What is the remainder when 1854 is divided by 924?
6
Calculate the remainder when 336 is divided by 57.
51
Calculate the remainder when 944 is divided by 21.
20
What is the remainder when 152 is divided by 5?
2
Calculate the remainder when 218 is divided by 50.
18
Calculate the remainder when 169 is divided by 93.
76
What is the remainder when 26 is divided by 15?
11
Calculate the remainder when 972 is divided by 20.
12
Calculate the remainder when 1655 is divided by 59.
3
What is the remainder when 1507 is divided by 746?
15
What is the remainder when 329 is divided by 130?
69
Calculate the remainder when 90 is divided by 21.
6
Calculate the remainder when 412 is divided by 62.
40
Calculate the remainder when 2034 is divided by 21.
18
Calculate the remainder when 14 is divided by 5.
4
What is the remainder when 474 is divided by 18?
6
Calculate the remainder when 124 is divided by 7.
5
What is the remainder when 15555 is divided by 4?
3
What is the remainder when 563 is divided by 236?
91
What is the remainder when 671 is divided by 113?
106
Calculate the remainder when 28710 is divided by 37.
35
What is the remainder when 127 is divided by 8?
7
What is the remainder when 305 is divided by 39?
32
Calculate the remainder when 618 is divided by 262.
94
What is the remainder when 28 is divided by 16?
12
Calculate the remainder when 458 is divided by 33.
29
Calculate the remainder when 5732 is divided by 198.
188
What is the remainder when 15913 is divided by 73?
72
Calculate the remainder when 156 is divided by 60.
36
What is the remainder when 204 is divided by 2?
0
Calculate the remainder when 2528 is divided by 9.
8
What is the remainder when 25143 is divided by 18?
15
What is the remainder when 62 is divided by 11?
7
What is the remainder when 236 is divided by 61?
53
Calculate the remainder when 2323 is divided by 37.
29
What is the remainder when 86 is divided by 22?
20
Calculate the remainder when 118 is divided by 7.
6
What is the remainder when 2011 is divided by 53?
50
Calculate the remainder when 208 is divided by 58.
34
What is the remainder when 500 is divided by 33?
5
Calculate the remainder when 1607 is divided by 28.
11
What is the remainder when 7166 is divided by 30?
26
Calculate the remainder when 13 is divided by 7.
6
What is the remainder when 2441 is divided by 24?
17
What is the remainder when 139 is divided by 35?
34
Calculate the remainder when 1152 is divided by 145.
137
Calculate the remainder when 318 is divided by 23.
19
What is the remainder when 1183 is divided by 291?
19
What is the remainder when 5397 is divided by 45?
42
Calculate the remainder when 34 is divided by 9.
7
Calculate the remainder when 302 is divided by 130.
42
What is the remainder when 344 is divided by 217?
127
What is the remainder when 71 is divided by 61?
10
Calculate the remainder when 1572 is divided by 105.
102
Calculate the remainder when 294 is divided by 33.
30
What is the remainder when 5806 is divided by 33?
31
Calculate the remainder when 1174 is divided by 19.
15
What is the remainder when 1915 is divided by 386?
371
Calculate the remainder when 88 is divided by 31.
26
What is the remainder when 866 is divided by 62?
60
Calculate the remainder when 151 is divided by 19.
18
Calculate the remainder when 186 is divided by 68.
50
Calculate the remainder when 1586 is divided by 267.
251
What is the remainder when 2666 is divided by 14?
6
What is the remainder when 122 is divided by 92?
30
Calculate the remainder when 8081 is divided by 337.
330
What is the remainder when 2123 is divided by 18?
17
What is the remainder when 12748 is divided by 125?
123
Calculate the remainder when 149 is divided by 30.
29
Calculate the remainder when 733 is divided by 218.
79
What is the remainder when 25 is divided by 4?
1
Calculate the remainder when 2707 is divided by 540.
7
Calculate the remainder when 490 is divided by 72.
58
Calculate the remainder when 808 is divided by 214.
166
Calculate the remainder when 511 is divided by 56.
7
Calculate the remainder when 95 is divided by 32.
31
What is the remainder when 112 is divided by 28?
0
Calculate the r